et n be j(-6). Suppose -3*d + 0*s = -2*s - 405, -4*d + n*s + 540 = 0. List the prime factors of d.
3, 5
Let q(i) = 2*i**2 + 21*i + 19. Let o(s) = s**2 - 8*s - 7. Let n be o(7). What are the prime factors of q(n)?
3, 13
Suppose 0 = -4*w + 8*w - 2*q + 46, -2*q = 4*w + 58. Let b = 18 + w. Suppose b*r - 51 = 139. List the prime factors of r.
2, 19
Suppose -4*y = -y - 975. List the prime factors of y.
5, 13
Let f = 1655 + -611. List the prime factors of f.
2, 3, 29
Let k(c) = -c**3 + 2*c**2 - 2. Let u be k(3). Let z = 42 - u. What are the prime factors of z?
53
Suppose 9*q - 2237 = 24025. What are the prime factors of q?
2, 1459
Let v(a) = -a**3 - 12*a**2 - 11*a. Let r be v(-11). Let b(c) = r + 10*c + 1 - 11*c. List the prime factors of b(-5).
2, 3
Let a(s) = s**2 + 15*s + 16. Let t be a(-14). Suppose 0 = t*h - 6*h. Suppose -2*u + 8*p + 41 = 5*p, h = 2*u - 2*p - 42. List the prime factors of u.
2, 11
Let t(k) = -k**3 - 4*k**2 - 3*k + 7. Let o be t(-4). Let v = 0 + 28. Let q = v + o. What are the prime factors of q?
47
Let m be (-2)/(((-6)/(-3))/2). Let w be -3 + 3 + (m - -4). Suppose w*v - 6*v = -200. What are the prime factors of v?
2, 5
Suppose s = -s + 24. Let f = 16 - s. Suppose -5*n + 49 = i - 82, -f*i = n - 30. List the prime factors of n.
2, 13
Let j be -7 + 10 - 2*-1. Suppose 3*z + 8 - j = 0. What are the prime factors of 24 - (0 + z + -1)?
2, 13
Let i(f) = 53*f + 646. List the prime factors of i(39).
2713
Let h(k) = k**3 + 12*k**2 + 13*k - 12. Suppose 5*u = -4*p - 26 - 24, 20 = -2*u + 3*p. List the prime factors of h(u).
2, 29
Suppose 0 = -t + 28 + 15. Suppose -t = -5*x - 3*f, 0*f = 2*x - 3*f - 34. List the prime factors of x.
11
Let k(c) = -c**2 - 17*c - 22. Let l be k(-16). List the prime factors of (-1035)/46*l*1.
3, 5
Let a(x) = -x**3 - 3*x**2 - 5*x - 4. Let j be a(-2). Suppose 10 = -j*d + 60. What are the prime factors of d?
5
Let c = -3148 + 5846. What are the prime factors of c?
2, 19, 71
Let h be (165/6)/((-35)/(-14)). Suppose -4*q + 88 = 4*f, 3*q = -0*f - 4*f + 86. Let s = f - h. List the prime factors of s.
3
Let i be ((-92)/12 + 0)*(1 + 26). Let z = -144 - i. List the prime factors of z.
3, 7
Suppose 2*k - 3*k + 5*l = -29, -l + 55 = 3*k. Suppose 0 = 9*n - 7 + 25. Let c = k + n. What are the prime factors of c?
17
Let n = 5738 + -2596. List the prime factors of n.
2, 1571
Let o be (-2 - -3)*(-4 - 11). List the prime factors of (-3)/(-9) + (-4000)/o.
3, 89
List the prime factors of 54/(-12)*(-1030)/3.
3, 5, 103
Let z = -528 + 799. Let g = 470 - z. What are the prime factors of g?
199
Suppose 0 = -9*p + 4*p - 2*h + 8487, 0 = -4*p - h + 6792. What are the prime factors of p?
1699
Let c(m) = -m**2 - 11*m + 8. Let u be c(-6). Let g = 64 - u. What are the prime factors of g?
2, 13
Let j(b) = -16 - 11 - 78*b + 84*b. What are the prime factors of j(11)?
3, 13
Let d be (3 - 28 - 0)/(1/3). Let v = -65 - d. What are the prime factors of v?
2, 5
Let q(j) = -j**3 + 16*j**2 - 7*j - 64. What are the prime factors of q(12)?
2, 107
Let h = -192 - -293. Suppose -4*j = -4*t + 16, 3*t - 2*j - 12 = -t. Suppose t*l = h - 21. List the prime factors of l.
2, 5
What are the prime factors of 483 - -1*(-6)/(-5 - -7)?
2, 3, 5
Suppose -5*o = 15 - 10. Let w(g) = g**2 - 5*g. Let i be w(6). Let n = i + o. List the prime factors of n.
5
Suppose 171*x = 161*x + 25040. List the prime factors of x.
2, 313
Let s = -7 - -26. Let j = 52 - s. Suppose 70 = 3*o - 4*m, -4*o + 5*m + 62 = -j. What are the prime factors of o?
2, 3, 5
List the prime factors of 24424/24 - 8/12.
3, 113
Let x be (3*-2)/((-3)/2). Suppose f - 10 = -x*f. Suppose 28 - 106 = -4*h - o, 91 = 5*h - f*o. What are the prime factors of h?
19
Let d be 4509/36 - (-3)/4. Suppose -18 + d = -4*x. What are the prime factors of 202/18 + 6/x?
11
Let x = 215 - 190. List the prime factors of x.
5
Let d = -53 + 2359. List the prime factors of d.
2, 1153
What are the prime factors of ((30/(-4))/(-5))/((-21)/(-4298))?
307
Let f(b) = -b + 20 + 2 - b. Let w be f(-10). Suppose t - 22 - w = 0. List the prime factors of t.
2
Let k(x) = 239*x**2 + 44*x + 229. List the prime factors of k(-5).
2, 11, 17
Let m(q) = 15*q**2 - 8*q - 12. Let t be m(8). List the prime factors of 80/(-60) - t/(-6).
2, 73
Let o = 654 - 335. Let g = o - 216. Suppose 69 + g = 4*r. List the prime factors of r.
43
Let p = -4 - 9. Let b = 10 + p. What are the prime factors of 1/b + 175/21?
2
Let i = -8 + 12. Suppose 2*c + l - 1 = 3*c, -3*c = -4*l + i. Suppose 2*j = c, 2*u + 2*j = j + 30. List the prime factors of u.
3, 5
Let h(x) = 12*x**2 - 15*x - 37. Let u(s) = -18*s**2 + 23*s + 56. Let r(n) = 8*h(n) + 5*u(n). List the prime factors of r(-4).
2, 5
Suppose 23*p = -4*p + 13770. What are the prime factors of p?
2, 3, 5, 17
Let g(d) = -181*d + 2. Suppose -4*i - 2 - 2 = -h, i + 1 = 5*h. List the prime factors of g(i).
3, 61
Let i be 2 + (4 - 8/4). Suppose 5*p - 380 = -3*o, 26 - 119 = -p - i*o. List the prime factors of p.
73
Suppose 4*g - 5 + 65 = 0. Let u = -22 - g. What are the prime factors of (4 - u/(-2))*86?
43
List the prime factors of (-12)/156 + 39744/39.
1019
List the prime factors of (16696/20 - -3) + 6/30.
2, 419
Suppose 3*t = 5*s + 19, -5*t + 2*s + 11 = -8. Suppose 3*x = -a + 48, 2*a + x - 100 = -t*x. What are the prime factors of a?
2, 3
Suppose 0 = 2*k + 3*k - 20. Suppose 0 = k*j + 2*b - 464, -3*j + 3*b = -j - 248. What are the prime factors of j?
2, 59
Suppose -4*d = 4*i - 344, -i - 160 = -0*d - 2*d. Let x = 150 - d. What are the prime factors of x?
2, 17
Let c(r) = -r**3 - 8*r**2 + 9*r + 3. Suppose -9 = 6*w + 45. Let t be c(w). Suppose t*u = -0*u + 117. What are the prime factors of u?
3, 13
Let h(w) = 2*w**2 - w + 9. Let v be h(7). Let t be ((-143)/2)/((-3)/6). Let i = t - v. What are the prime factors of i?
43
Suppose -20*v + 678 = -14*v. List the prime factors of v.
113
Let h be (-30)/(-4) - 1/2. Suppose 37 + 397 = h*g. List the prime factors of g.
2, 31
Suppose 5*a + 5*y - 35 = 0, -4*a - 5*y + 39 - 10 = 0. Suppose -a*n = -3*n - 15. Suppose 2*t - n*w = 81, 4*w - w = t - 43. List the prime factors of t.
2, 7
Let h(k) = -10 - 7 + k + 14. Suppose -15 = t - 4*t. What are the prime factors of h(t)?
2
Suppose 4*k - 436 - 608 = 0. What are the prime factors of k?
3, 29
Let x be 30/(-90) - (-19)/3. Let l be (-170)/((-1)/(-2)*-2). Suppose -p = -x*p + l. What are the prime factors of p?
2, 17
Suppose 312*k = 318*k - 6552. List the prime factors of k.
2, 3, 7, 13
Let y be 4/(-10) + 143/(-5). Let w(x) = -x**2 + 13*x - 10. Let z be w(13). Let b = z - y. List the prime factors of b.
19
Let j(r) = 6*r + 101. List the prime factors of j(15).
191
Let v(s) = 3*s**3 - 6*s**2 + s + 18. Let p be v(6). Suppose 5*t - 277 = -n + 187, p = 5*t - n. List the prime factors of t.
2, 23
Suppose 2*h - 18 = -4*h. Suppose 3*d + 13 = 4, -2*q = -h*d + 25. What are the prime factors of 1/(-1)*(-28 + q)?
3, 5
Let w be (4/6)/((-6)/(-18)). Let q be 137 + w + 18/(-6). Suppose q = 2*u + 2*u + 4*y, -112 = -4*u + 2*y. List the prime factors of u.
2, 3, 5
Suppose -23*m + 28*m = 420. List the prime factors of m.
2, 3, 7
Let h(k) = 15*k**2 + 3*k + 4. Suppose 6*w + 25 = 7. What are the prime factors of h(w)?
2, 5, 13
Suppose 5*f + c - 51 - 7464 = 0, 3006 = 2*f - 2*c. What are the prime factors of f?
3, 167
Suppose 0*u - 2*u - 6 = -4*x, 0 = -5*u + 15. Suppose x*z - 25 = -t, t + 3*t - z = 35. List the prime factors of t.
2, 5
Let o(c) = -c**3 - 7*c**2 - 6*c + 3. Let f be o(-6). Let l(x) = -8*x**3 + 13*x**2 - 11*x**f + 20*x**3 - 2 - 17*x. What are the prime factors of l(-14)?
2, 5
Let g be (-1884)/(-30)*4/(-8)*-5. Suppose -2*d + 207 = -g. List the prime factors of d.
2, 7, 13
Let k(c) = -c**3 + 14*c**2 - 13*c + 8. Let z be k(9). Suppose -z = -5*w + 119. List the prime factors of w.
83
Suppose 2*c = 89 + 229. List the prime factors of c.
3, 53
Suppose y - 4*a - 843 = 1030, -2*y - 3*a = -3691. List the prime factors of y.
17, 109
Suppose 56560 = -21*a + 61*a. What are the prime factors of a?
2, 7, 101
Suppose 25*s - 10 = 20*s. Suppose -v + 31 = s*o, 0*o - 59 = -2*v - o. List the prime factors of v.
29
Let t = -5 - 4. Let c = t - -14. Suppose -c - 37 = -2*n. List the prime factors of n.
3, 7
Suppose -18 = -2*j + 5*i, j - 2*i = -2*j + 16. Suppose q = 4 - 2. Suppose q*p - j = -0*p. List t